te?
False
Let r(g) = 47*g**2 - 25*g + 81. Is r(6) composite?
True
Let a be (11574/(-72))/((-2)/8). Let r = a + -347. Let f = r - 77. Is f prime?
False
Let d(j) = -2*j**3 + 16*j**2 + 33*j - 24. Let z be 2/5 - 23/(-5). Let n(o) = -o**3 + 8*o**2 + 16*o - 12. Let k(c) = z*n(c) - 2*d(c). Is k(9) a prime number?
False
Let f be 323 - (6 - 4)/(-1). Let d(r) = 8*r**2 + r - 1. Let j be d(-5). Let l = f - j. Is l composite?
False
Suppose 5*c - u - 16884 = 0, -4*c + 3*u - 8*u = -13513. Is c a composite number?
True
Suppose -6*z + 10*z + 130985 = 3*q, -2*q - 2*z = -87342. Is q composite?
True
Let r = -11969 + 51106. Is r a prime number?
False
Let w(t) = 836*t + 21. Is w(5) composite?
False
Suppose 0 = -8*z + 53166 + 9226. Is z a prime number?
False
Let m(g) = -22*g**2 + 10 + 5*g + 3*g + g. Let c be m(-7). Is c*3/(-9)*1 a composite number?
True
Let m(x) = -56*x**2 + 53*x - 17. Let z(u) = -14*u**2 + 13*u - 4. Let c(v) = 2*m(v) - 9*z(v). Is c(-5) prime?
False
Let z(v) = -5*v**3 - 3*v**2 - 4*v - 2. Let y be z(-1). Suppose 362 - 956 = -2*h + 4*x, -h = -y*x - 301. Is h a composite number?
False
Let p = -18 - -57. Let b = 244 - p. Is b a prime number?
False
Let a be -2*((-25)/10 - 0/2). Is (-7 + -19 + a)*163/(-3) prime?
False
Let r = 3844 - 5564. Let q = r - -2505. Is q prime?
False
Suppose -4*b + 173*h = 172*h - 39483, 4*b - 2*h = 39482. Is b prime?
True
Suppose -4*x + 382 - 1047 = -h, -3*h + 2017 = -x. Suppose 4*q - 7877 + h = 0. Is q a composite number?
False
Let n be ((-8)/(-10))/(11/55). Suppose -n*u + 38 = 26. Suppose 0 = 3*z + u*z - 4710. Is z prime?
False
Let a = 0 + 4. Suppose -a*t = -963 - 1665. Suppose 5*s + 4*f = t, -2*s - 5*f = -197 - 59. Is s composite?
True
Let z be 45/10*(-110 - 0). Let d = 48 - 142. Let g = d - z. Is g a prime number?
True
Let i(z) = 26*z**2 - 24*z - 25. Is i(-6) a prime number?
False
Suppose -4*u - 2 = l, 5 = u + 2. Let q(d) = 3*d**2 - 14*d - 3. Is q(l) prime?
False
Suppose 3*g = 3*q, 2*q - 12 = g - 2*q. Suppose g*u = 8, -4*k + 0*k = 2*u - 80. Is k prime?
True
Suppose 2*y + 0*y = -6, 2*y = 3*i - 3. Is 695 - i*(2 + 0) composite?
True
Let o(g) = -4*g**3 - 3*g**2 - 2*g + 158. Let a(w) = -3*w**3 - 2*w**2 - w + 159. Let d(b) = 3*a(b) - 2*o(b). Suppose 0 = -2*s - 2*s. Is d(s) prime?
False
Let g = 1973 + 2228. Is g prime?
True
Suppose -12 = -0*b - 4*b. Suppose -5*u + 3480 = b*m, -u - 3*u + 4648 = 4*m. Is m composite?
True
Let k be (-10)/2*2/(-5). Let g = 4 - k. Suppose -f - f = 3*p - 1085, 0 = -4*p - g*f + 1450. Is p composite?
True
Let j = 687 - -877. Let g be (-858)/(-2)*(7/(-7))/1. Let x = j + g. Is x prime?
False
Let q(w) = -w**3 + 2*w**2 - 4*w + 5. Let t be q(2). Let c be (2463/6)/(t/(-6)). Suppose -c = -z - 2*o, -2*z = -5*z + 4*o + 2433. Is z prime?
False
Let a(b) = -89*b**3 - 2*b**2 - b + 1. Let i(v) = -266*v**3 - 7*v**2 - 4*v + 3. Let m(u) = -8*a(u) + 3*i(u). Is m(-2) prime?
True
Suppose -h - 6*q + 97 = -7*q, -h + 77 = 3*q. Let y = h - -243. Is y a prime number?
False
Let o be -1 + 26 + 6 + -3. Let z = 24 - o. Is (-57)/(z + 1 + 2) a prime number?
False
Let u be 2 + 12*(-2)/3. Let s be u*4*(-113)/6. Suppose 442 + s = 6*q. Is q composite?
False
Let w(k) = -479*k - 55. Is w(-4) composite?
False
Let f(l) = l**2 - 12*l - 2. Let k be f(12). Is k*((-3)/(-15) - (-10335)/(-50)) prime?
False
Suppose 5*k - 18 = -53. Let f = 11 + k. Suppose f*m = -633 + 2437. Is m composite?
True
Let n(b) = b**2 - 5*b + 2. Let i be n(5). Suppose -3*u - i*u = -20. Suppose 4*m - 594 = 2*f, u*m + 5*f + 0*f = 601. Is m prime?
True
Suppose -d + 4*d = 0. Let g be ((-3)/3)/(4/(8/(-1))). Is 93 + g + d + 0 prime?
False
Let g be (2/6)/((-1)/(-4854)). Let w = 2483 - g. Is w composite?
True
Suppose 6*g = 7*g - 4. Suppose g*z = -84 - 16. Is (-5060)/z + 2/(-5) a prime number?
False
Suppose -33 = -3*b + v - 5*v, -5*v = -2*b - 1. Let o = -10 + b. Is 24 + o + 1 - 1 prime?
False
Suppose 1386 = 7*z - 0*z. Suppose -v = -4*y + 4464, 3139 = 3*y + 2*v - z. Is y prime?
False
Let r = 68 + -15. Let s = -182 + r. Let x = s - -386. Is x a composite number?
False
Let c(j) = j**3 - j**2 + 7*j + 5549. Is c(0) a composite number?
True
Let t be 1*36/3 + -4. Suppose -q - q - u = -t, 0 = -3*q + 3*u + 30. Is 28/(-21) - (-878)/q composite?
True
Let u(y) = -y**3 + 20*y**2 - 35*y - 17. Let o be u(18). Let p be (-1 - -2)/(3 - 2). Is 559 - 2 - (p - o) a prime number?
True
Suppose -3*d - 2*d = 0. Suppose d*g = -g. Suppose k - 292 = -3*t, 4*t - 3*k + g*k - 385 = 0. Is t a composite number?
False
Let i = 13163 + -1260. Is i prime?
True
Let v(h) = h**2 + 5*h - 3. Let f(k) = k**3 + 8*k**2 + k + 2. Let m be f(-8). Let o be v(m). Suppose 0 = 2*p + o*p - 1435. Is p a prime number?
False
Let p(t) = t**2 - t + 4. Let v be p(0). Suppose -q - 20 + 60 = w, -v*w - 92 = -2*q. Suppose 2*m - 44 = q. Is m a prime number?
True
Suppose 13*c - 10*c = 15, -17827 = -v + 2*c. Is v a composite number?
False
Let p(l) = 10096*l**2 - 24*l + 61. Is p(3) a composite number?
True
Let g be -2 + (-5)/(10/(-24)). Suppose -5*d + i = -5 + 3, 5*i = d - g. Let h(y) = -y + 113. Is h(d) prime?
True
Let j(f) = -f**2 + 5*f + 9. Let r be j(7). Let l be (52/r)/(4/90). Let u = -128 - l. Is u composite?
True
Let z(y) = 311*y**2 + 20*y + 3. Is z(4) a composite number?
False
Is 5578/(-5)*(-4 + 24/16) a composite number?
False
Is (1 - 2)/((-2)/844) a prime number?
False
Let h(p) = 3*p**3 + 3*p**2 + 7*p + 16. Let o be h(-7). Let a = o - -1982. Is a a prime number?
False
Let c(p) = p**2 + 1. Let n(o) = 58*o**2 - 14. Let k(m) = c(m) + n(m). Let r be k(6). Suppose -4*w = -1437 - r. Is w prime?
True
Let p(u) = -52*u + 3. Let q be p(-6). Suppose 791 = 2*a - 585. Let x = a - q. Is x prime?
True
Let r(j) = 11*j - 3. Let n be r(4). Let d = n + 252. Is d composite?
False
Let m(n) = -n**2 + 2*n + 72. Is m(7) prime?
True
Let q(g) = 2*g - 20. Let s be q(10). Suppose 5*j = 7*c - 2*c - 45760, s = 4*c - 3*j - 36613. Is c a composite number?
False
Suppose 4*d - 3*t = 6332, -3*t - 2153 = -d - 570. Is d a prime number?
True
Suppose -z + 8723 = -4*z - 2*t, 2*z + 5811 = 3*t. Is (26/(-65))/(-2 - z/1455) a prime number?
False
Let x = -3016 - -5035. Is x a composite number?
True
Suppose 0 = -h + 5*q + 8989, -3*h = q - 18433 - 8534. Is h prime?
False
Suppose 89 = -6*f - 2617. Let a = -248 - f. Is a a composite number?
True
Suppose 40*i - 35*i - 24245 = 0. Is i a composite number?
True
Let n = -16 + -12. Let z = n + 31. Is z a composite number?
False
Suppose 0 = -3*b + 5*s + 11191, -5*b + 2*b + 2*s = -11176. Is b composite?
True
Let i be 2 + 1 + -6 + 11. Suppose l = 3 - i. Let o = l - -48. Is o prime?
True
Let o(b) = b**3 - 2. Let p(s) = -5*s - 3. Let q(x) = 2*x - 18. Let a be q(8). Let i be p(a). Is o(i) composite?
True
Let y(m) = -142*m + 27. Let d(s) = 95*s - 18. Let c(u) = -8*d(u) - 5*y(u). Is c(-7) composite?
False
Suppose 8*t - 316 - 700 = 0. Is t composite?
False
Let b(k) = -44*k + 13. Let i be 1/5 - 427/35. Is b(i) prime?
True
Is (5/5*-1)/((-1)/797) prime?
True
Let x(o) = -4200*o**3 + 2*o**2 + o. Is x(-1) a composite number?
False
Let t = 25 - 22. Suppose 2*i + 5*w = 19 - 3, -t = -3*i + 3*w. Is 150/(-20)*(-134)/i composite?
True
Let z = -18 + -2. Let v = -16 - z. Suppose 0 = 8*j - v*j - 12. Is j a composite number?
False
Let c(t) = 2*t**2 + 4*t - 958. Let f(a) = -a. Let l(k) = -c(k) - 3*f(k). Is l(0) a prime number?
False
Let q(z) = -z**3 + 7*z**2 + 4. Let f be q(7). Let x(j) = j**3 - 4*j**2 - j + 9. Let u be x(f). Suppose t + 311 = u*c, -5*t + 83 = 3*c - 98. Is c prime?
False
Is 8/(-14) - ((-434930)/35 - -5) a composite number?
False
Let y(z) = 18*z**2 + 3*z**2 + 10 - 2*z**2 + 6*z + 4*z**2. Is y(-3) a composite number?
False
Let a = 1461 + -5419. Let m = -2559 - a. Is m prime?
True
Let d(r) be the third derivative of r**6/60 - 3*r**5/20 - 11*r**4/24 - 7*r**3/6 - 11*r**2. Is d(9) a prime number?
False
Suppose 0 = q - 3165 - 1102. Is q a prime number?
False
Let q = 1988 - 3760. Let s = -895 - q. Let p = -518 + s. Is p prime?
True
Is (-10455 + 0 - -8)*-1 a prime number?
False
Let k(z) be the third derivative of 13*z**4/24 + z**3/2 - 11*z**2. Is k(10) a prime number?
False
Suppose -h + 10 = 2*i, -4*h = i + 4*i - 28. Suppose 5*t = -3*c - 0*t + 582, 4*c + i*t - 776 = 0. Is c composite?
True
Let j(v) = -v**2 - 4*v + 4. Let d be j(-4). Is ((-2)/d)/1*2*-993 prime?
